t is 20 - 101211110?
-101211020
In base 7, what is 1354 + 361?
2045
In base 2, what is -111 - -1000110101001?
1000110100010
In base 9, what is 2031 + -5?
2025
In base 3, what is -10101 - 112001211?
-112012012
In base 5, what is 2 - -11031333?
11031340
In base 2, what is 10 - -111110000010010?
111110000010100
In base 14, what is 3 + -71d8?
-71d5
In base 2, what is 10010001000101 - -1110?
10010001010011
In base 6, what is 43504 - -33?
43541
In base 10, what is -6 + 11014?
11008
In base 4, what is 2033322 + 131?
2100113
In base 11, what is -10a0 - 292?
-1382
In base 12, what is -33 + 7b53?
7b20
In base 11, what is 164a5a1 - 1?
164a5a0
In base 12, what is -7 + -62075?
-62080
In base 8, what is 6 + -5431?
-5423
In base 10, what is -88 + 4477?
4389
In base 2, what is -111001101100101 + 0?
-111001101100101
In base 6, what is 112420 - 422?
111554
In base 11, what is -48a + -10a9?
-1588
In base 12, what is 9 - 7544?
-7537
In base 3, what is 212010121112 - 0?
212010121112
In base 6, what is 121242224 - 1?
121242223
In base 3, what is -11 - -221100221?
221100210
In base 13, what is 0 - -a7c5c?
a7c5c
In base 10, what is -162 + 4539?
4377
In base 9, what is -24260 + -2?
-24262
In base 12, what is -2aa + 2a95?
27a7
In base 8, what is 10 - -245?
255
In base 2, what is 1000100010111010 - -100?
1000100010111110
In base 2, what is 11100 + -1011000010101?
-1010111111001
In base 2, what is -1111001101 + -110110110?
-10110000011
In base 6, what is 205202 - 4?
205154
In base 11, what is 25605 + -64?
25551
In base 11, what is 25a + -1216?
-a67
In base 7, what is 165113 - 1?
165112
In base 9, what is 0 + 31518?
31518
In base 16, what is -b + 29dff?
29df4
In base 6, what is -43 - 143000?
-143043
In base 5, what is -230204110 - 10?
-230204120
In base 6, what is -342 - -5325?
4543
In base 6, what is 14 + 12321?
12335
In base 9, what is -6 + 22353?
22346
In base 6, what is 153 + 5420?
10013
In base 14, what is -22 - 208?
-22a
In base 11, what is -2 - 25700?
-25702
In base 5, what is -10 + -412422241?
-412422301
In base 4, what is 323131 + -12?
323113
In base 15, what is 1 + -578?
-577
In base 3, what is -12 + 111200121?
111200102
In base 16, what is -44 + -3f?
-83
In base 10, what is -3 + 88157?
88154
In base 8, what is 155522 - 6?
155514
In base 14, what is d7b14 + 2?
d7b16
In base 6, what is 1 - -2152445?
2152450
In base 4, what is 2113311 - -110?
2120021
In base 10, what is 31 - -803?
834
In base 9, what is 1241 + -38?
1202
In base 10, what is 4 + -54996?
-54992
In base 12, what is 2a365 + 2?
2a367
In base 8, what is 0 - 15066?
-15066
In base 11, what is -1a72 + 10?
-1a62
In base 15, what is -16b7 - 31?
-16e8
In base 14, what is -5815 - 4a?
-5861
In base 7, what is -163203 - 16?
-163222
In base 13, what is -5c5 - 31?
-626
In base 7, what is -2 + -10521?
-10523
In base 12, what is 46 + -65b?
-615
In base 11, what is -269 + 1336?
1078
In base 12, what is -6 - 17822?
-17828
In base 7, what is -5 - -23154?
23146
In base 14, what is 28a9 + -1?
28a8
In base 16, what is 2accd + -4?
2acc9
In base 7, what is -35 - -26661?
26623
In base 8, what is 2 - 13525?
-13523
In base 6, what is -1005552 - -4?
-1005544
In base 8, what is 162 - 1354?
-1172
In base 15, what is -39 - 527?
-561
In base 16, what is -5 + 2caf?
2caa
In base 6, what is 12541535 - 1?
12541534
In base 2, what is -100110 + 100100010100?
100011101110
In base 9, what is 88 - -26710?
26808
In base 2, what is 100 - -110000101100001?
110000101100101
In base 15, what is -24 + -2b34d?
-2b372
In base 11, what is 3 + 995a?
9962
In base 6, what is 40543 - -1143?
42130
In base 8, what is -17403703 - -5?
-17403676
In base 14, what is -76 + -591?
-627
In base 12, what is -3 + b4227?
b4224
In base 6, what is -50303 + 123?
-50140
In base 5, what is -112 + 4340?
4223
In base 6, what is -11250323 + -1?
-11250324
In base 14, what is 17c1 - -4?
17c5
In base 5, what is 2123214 - 1?
2123213
In base 7, what is -10052 - -5?
-10044
In base 4, what is 223022 + 102?
223130
In base 13, what is -9159 - -2?
-9157
In base 11, what is 7716 + -6?
7710
In base 7, what is -2330 - -4522?
2162
In base 10, what is -1 - 3654?
-3655
In base 12, what is -21b9 - a2?
-229b
In base 11, what is 41 - 846?
-805
In base 8, what is -42 + -475?
-537
In base 16, what is 4eb + -17?
4d4
In base 15, what is -dcb7 - -4?
-dcb3
In base 3, what is 211 - 12111022?
-12110111
In base 11, what is -15934 + -8?
-15941
In base 6, what is -5 - -123230?
123221
In base 10, what is 2 + -1504219?
-1504217
In base 8, what is 12 - -504?
516
In base 14, what is 199 + 2185?
2340
In base 5, what is 344341423 - 4?
344341414
In base 5, what is -443 + -3410?
-4403
In base 7, what is 1 + 56110?
56111
In base 16, what is -730 + 331?
-3ff
In base 8, what is -1 - -337727?
337726
In base 14, what is b016 + 2?
b018
In base 2, what is 110001100001 + 1010?
110001101011
In base 8, what is -65 - -10?
-55
In base 16, what is -da06 + 22?
-d9e4
In base 16, what is 7c94 + 5?
7c99
In base 10, what is -5 - 50619?
-50624
In base 10, what is -1014 - 9?
-1023
In base 5, what is 3224 - -42?
3321
In base 4, what is 1110322201 - -1?
1110322202
In base 14, what is 9 - 973?
-968
In base 13, what is 129c + 3?
12a2
In base 9, what is 1 - 1447634?
-1447633
In base 2, what is 100011110100000011 - 1?
100011110100000010
In base 2, what is 100 - 10111111111011?
-10111111110111
In base 16, what is c - 4630e?
-46302
In base 15, what is -1 + -272c86?
-272c87
In base 15, what is -6 + -2c32e?
-2c335
In base 12, what is 2a1 + 18?
2b9
In base 3, what is 11102120021 - 10?
11102120011
In base 2, what is -111 + 101011100100100?
101011100011101
In base 3, what is 0 - 2201012210200?
-2201012210200
In base 13, what is 2 + -b601b?
-b6019
In base 5, what is 24022 - -103?
24130
In base 7, what is 1661666 + -5?
1661661
In base 6, what is 101233 - -1001?
102234
In base 5, what is 1204030 - -4?
1204034
In base 6, what is 13 - -113554?
114011
In base 9, what is 64887 + 4?
65002
In base 14, what is 29b2 - -1c?
29d0
In base 13, what is 2 + -5744a?
-57448
In base 10, what is 275 + -756?
-481
In base 4, what is -200003 + -3011?
-203020
In base 12, what is -4061 + -35?
-4096
In base 3, what is -11101022021201 - -10?
-11101022021121
In base 14, what is dac02 + -1?
dac01
In base 10, what is -1 + 149643?
149642
In base 2, what is -10110000001010 - -101?
-10110000000101
In base 2, what is -1000010011 + 110011011?
-1111000
In base 14, what is -71d1 + -15?
-7206
In base 15, what is 44ba + -3?
44b7
In base 9, what is 5 + -14042?
-14036
In base 7, what is -4364101 - 3?
-4364104
In base 2, what is 110101100000 - 1001?
110101010111
In base 5, what is -4 + -11432222?
-11432231
In base 16, what is -512 - 9e?
-5b0
In base 2, what is 10101101100100010001111 - 10?
10101101100100010001101
In base 14, what is -55b + -7?
-564
In base 13, what is -8a08 + 11a?
-88bb
In base 6, what is -51000 + 33?
-50523
In base 9, what is -12 - -6452?
6440
In base 10, what is -8 + -9153?
-9161
In base 7, what is 41656 + 365?
42354
In base 13, what is -6 + 3193?
318a
In base 7, what is -1 - -3504133?
3504132
In base 4, what is 2112 + -3230010?
-3221232
In base 2, what is -11000101001100 + -11?
-11000101001111
In base 14, what is -19 + -d30?
-d49
In base 13, what is 2137c - -2?
21381
In base 13, what is -42 + -191?
-203
In base 10, what is -849 - -2915?
2066
In base 10, what is 33 - 1004?
-971
In base 3, what is 12112022 - 1011?
12111011
In base 15, what is 7a9 - -17d?
937
In base 10, what is -2910325 + 2?
-2910323
In base 7, what is 534 - 54202?
-53335
In base 15, what is 1b32 - -9?
1b3b
In base 4, what is -3202313123 + -3?
-3202313132
In base 16, what is -23 + 8746?
8723
In base 15, what is -1c + -6621?
-663d
In base 16, what is 3 - -63187?
6318a
In base 3, what is 101010 + 20002?
121012
In base 13, what is -169ca + -2?
-169cc
In base 10, what is 8 + 35469?
35477
In base 2, what is 10011 - 10010011101?
-10010001010
In base 11, what is 27929 - 4?
27925
In base 11, what is 467 + -2a4?
173
In base 5, what is -34204 - -1303?
-32401
In base 4, what is -102220 - -22321?
-13233
In base 2, what is -11010 - 10111110001100?
-10111110100110
In base 9, what is 4 - 133323?
-133318
In base 2, what is -111101 + 1100?
-110001
In base 3, what is -20200101120202 - -12?
-20200101120120
In base 9,